 - 5*m**2. What is the tens digit of v(-3)?
2
Suppose 285*m = 286*m - 1295. What is the tens digit of m?
9
Suppose x + t = 1, -t = -5*x + t - 2. Let h be x*(-4)/(-8) + 2. Suppose 54 = h*g + g. What is the units digit of g?
8
Let k(a) = -a**3 + 8*a**2 + 3*a + 5. Let i be k(8). Suppose -i - 71 = -2*y. What is the units digit of y?
0
What is the units digit of 21/(-5*(-21)/3080)?
6
Let y = -1006 + 3203. What is the units digit of y?
7
Let l be ((-100)/(-8) - 1)*-2. Let m = 29 + l. Suppose 50 = 11*d - m*d. What is the units digit of d?
0
Suppose -2*o = -o - 40. Suppose -5*n = t - 4*t - o, n - 2*t = 1. Suppose -3*q + n - 2 = 0. What is the units digit of q?
3
Let y = 489 - 438. What is the units digit of y?
1
Let q = 18 + -16. Let i(l) = 3*l**2 - l**q + 4 + 0 + l. What is the tens digit of i(-4)?
3
Let f(y) be the third derivative of y**5/60 - y**4/24 - 4*y**2. Let m be f(-2). Suppose -2*x = 2*u - 28, 0*u - 3*x = -u - m. What is the units digit of u?
9
Suppose 4*b = -0*b - 4. Let w(k) be the first derivative of 13*k**3 - k**2/2 - k - 86. What is the units digit of w(b)?
9
Suppose -3*k - 4*u + u = -3693, -2*k + 3*u = -2472. What is the tens digit of k?
3
Let a = -1260 - -2433. What is the tens digit of a?
7
Suppose 0 = 6*q - 190 - 122. What is the tens digit of q?
5
Let l(j) = -4*j**3 + j**2 - 3*j - 14. Let m be (-2 - (-1)/2)*(-8)/(-3). What is the hundreds digit of l(m)?
2
Let q(a) = a**3 - 20*a**2 - 24*a - 44. Let b be q(22). Suppose 3*k + b = 9*k. What is the units digit of k?
6
Suppose 9*g = 26656 - 8269. What is the tens digit of g?
4
Let v(g) = -26*g**3 - 2*g**2 - 3*g - 4. What is the hundreds digit of v(-2)?
2
What is the tens digit of 397 - (0/(-2))/4 - -4?
0
What is the hundreds digit of (-67355)/(-19)*(-2)/(-10)?
7
Suppose -12 = -4*z, -g = 2*z + 2 - 12. Suppose g*n = 54 + 46. What is the units digit of n?
5
What is the units digit of (10240/25)/(20/50)?
4
Let q = 24 + 601. What is the tens digit of q?
2
Let g be 24/16 - 2/(-4). Let m = 5 - -11. What is the units digit of m/4*g + -1?
7
Suppose 5*t = -7*s + 3*s + 21662, 3*s - 9 = 0. What is the thousands digit of t?
4
Let i be 2*(1 + 0)/1. Suppose 5*w = -2*p + 24, -i*w + 2*p = -8 - 10. Suppose 0*h - 48 = -w*h. What is the units digit of h?
8
What is the tens digit of ((-248)/16)/((-2)/88)?
8
Suppose 0 = -2*d + 11*d - 3465. What is the tens digit of d?
8
Let q(z) be the second derivative of -z**5/20 - z**4/6 - 2*z**3/3 + z**2/2 - z. Suppose 5*k = -0 - 15. What is the tens digit of q(k)?
2
Suppose 3*j + 25 = -2*d, 2*j - 5*d = j + 20. Let l be -13 + 0 + (j - -6). What is the units digit of -8 - l - (-3 - 1)?
8
Suppose -49 = -5*r - 24. Suppose -3*f = 3*s - 8*s + 1292, 2*f = -r*s + 1297. What is the tens digit of s?
5
Let m be (-4)/1*1/(-1). Suppose -5*h + 3*b = 375, -5*h + m*b = -0*h + 380. What is the units digit of (h/(-16))/(1/16)?
2
Suppose -3*j = 2*s - 4554, j - 1461 = -4*s + 67. What is the units digit of j?
6
What is the hundreds digit of ((-4011)/(-13))/3 - 2/(-13)?
1
Suppose -7*s = -2762 - 3405. What is the units digit of s?
1
Suppose -9 = -5*y + 2*a - 3, 0 = -2*y + a + 2. Suppose -253 = -3*s + y*q, -2*s = -s - 5*q - 67. What is the units digit of s?
7
Let z(i) = -13*i + 1. Let j be z(1). Let n = -27 + j. What is the tens digit of 8*3/6 - n?
4
Let u(a) = a**3 - 4*a**2 - 5*a - 5. Let g be u(5). Let y = g + 9. Suppose 5*j = -4*n - y + 29, 0 = 5*n. What is the units digit of j?
5
Let a = 117 + -114. Suppose -a*z = -262 - 446. What is the units digit of z?
6
Let b = 176 - 101. What is the units digit of b?
5
Suppose 21*z = -12*z + 10890. What is the hundreds digit of z?
3
Let j be (12/(-18))/(5/(45/6)). What is the tens digit of 1476/(-4)*j/3?
2
Suppose -69*x = -21*x - 108528. What is the thousands digit of x?
2
Suppose 4*a = -4*z + 7*a + 13834, z = -5*a + 3447. What is the thousands digit of z?
3
What is the hundreds digit of 4/6 + (-2022450)/(-450)?
4
What is the hundreds digit of (-4)/30 + (-96085)/(-75)?
2
Suppose 33*d - 12 = 30*d. Suppose d*b - 137 + 41 = 0. What is the tens digit of b?
2
Let m(b) = 8*b**2 + 22*b - 8. What is the hundreds digit of m(5)?
3
Let t be (-90)/12*(-40)/6. What is the units digit of (248/10)/(20/t)?
2
Let f(n) = 2*n**3 - 64*n**2 - 20*n + 18. What is the hundreds digit of f(33)?
5
What is the units digit of (-8)/(-32)*-4*-20*28?
0
Let a(f) = -54*f + 631. What is the units digit of a(9)?
5
Let g(p) = 5*p**2 + 2*p - 1. Suppose -3 = -3*u + 4*z, -4*u + 3*z = -6*u + 2. Let b(m) = 2*m. Let x be b(u). What is the tens digit of g(x)?
2
Suppose -3 = -3*n + 2*n. Suppose -4*l = -n*g - l + 36, 57 = 5*g - 4*l. Suppose 1 - 6 = v, 2*r + 5*v = g. What is the tens digit of r?
1
Suppose -104 = -3*o - 83. What is the units digit of o?
7
Let g = -93 - -93. What is the tens digit of (-8)/(-4) + 105 + g + 1?
0
Let m(o) = 29*o + 15. Let h be m(8). Suppose -h + 1027 = 10*p. What is the units digit of p?
8
Let w = 63 + -33. Suppose -4*b + 89 = 3*m, -2*b + 16 + w = 2*m. What is the units digit of b?
0
Let k(x) = -1 + x - x**2 - 3*x - 7*x - 3. Let f be k(-8). Suppose m = -w - 0 + 15, -f*w + 81 = -3*m. What is the tens digit of w?
1
Let j(d) = 14*d**2 - 86*d - 1. What is the hundreds digit of j(24)?
9
Let a = -541 - -622. What is the units digit of a?
1
Let y(d) = 11*d**2 + 10*d + 44. What is the hundreds digit of y(-10)?
0
Let t be (-9 - -8) + (-2 - 99)*-1. What is the units digit of ((-60)/t)/(1/(-10))?
6
Suppose n - 9 = 11. Let t = 39 + n. What is the units digit of t?
9
Suppose -2*v - 3*z = -8*z - 25, 0 = -3*z - 15. Suppose -j - i + 277 = v, -3*j + 3*i = i - 806. What is the hundreds digit of j?
2
Let m(g) = 8*g - 7. Suppose -a - 5*k + 6 = 23, 65 = 5*a - 5*k. What is the units digit of m(a)?
7
Let y(j) = 33*j**2 - 38*j + 4. What is the units digit of y(3)?
7
Let j(i) = -2*i**2 + 8*i - 11. Let a(z) = z**2 + z. Let w(k) = 4*a(k) + j(k). What is the units digit of w(-10)?
9
Let q = 3307 + -1596. What is the hundreds digit of q?
7
Let w(o) = -2*o - 4. Let u be w(-7). Let i = 13 + u. What is the units digit of i?
3
Suppose 17*g - 20*g - 90 = 0. Let h = 40 + g. What is the tens digit of h?
1
Suppose -2 = -11*b + 20. Let g(m) = 17*m**3 + m**2 - 3*m + 4. What is the units digit of g(b)?
8
What is the hundreds digit of (-4008)/(-30) + 9/(-15)?
1
Let l be 89/7 + (-6)/(-21). Let h = l + -13. Suppose y - 30 - 4 = h. What is the units digit of y?
4
Let a = 21 + -92. Let h = a + 140. Suppose 8*f - 5*f = h. What is the units digit of f?
3
Let k(i) = -24*i - 3. Let j(s) = -s**2 + 9*s - 15. Let p be j(6). Let t be (1 - 4)/(p/2). What is the tens digit of k(t)?
4
Let y(z) = z**3 - 8*z**2 + 17*z - 7. Let c = -57 - -64. What is the tens digit of y(c)?
6
What is the units digit of (-2)/4*(-308)/7?
2
Suppose -4*d + 9 + 7 = 0. Suppose 0 = d*a + 4, 39 = y - a - 2*a. What is the units digit of y?
6
Let g(u) = u**3 - u**2 - 7*u + 7. Let d be g(3). Suppose -2*n + 126 = d*k, -k = 3 - 7. What is the tens digit of n?
5
Suppose b = -4, 3*b + 124 - 24 = 4*d. Let g = d - 14. Suppose 0 - g = 4*l, -5*l - 166 = -3*j. What is the units digit of j?
2
Let w(p) = -p**3 - 16*p**2 - 12*p - 7. Let m be w(-17). Suppose -4*i = 4*y - 366 - m, -4*i - 2*y + 860 = 0. What is the tens digit of i?
1
Let s(q) = 2*q**3 - 17*q**2 + 27*q + 20. What is the units digit of s(10)?
0
Suppose 2*s = 6*s, 0 = 5*o - 3*s - 180. Suppose -12 = g - o. What is the tens digit of g?
2
Let d(t) = -4*t - 24. Let n be d(-7). Suppose -n*w = -2*o - 128 - 196, w = -2*o + 71. What is the units digit of w?
9
Let j = -1065 + 2133. What is the thousands digit of j?
1
Suppose -6*a + 16 + 20 = 0. Suppose -90 = -5*j + 2*t, -3*t - a = -j + 12. What is the units digit of j?
8
Suppose 3*k - 1516 = -a + 1599, k - 4*a = 1021. What is the hundreds digit of k?
0
Let y = -257 - -327. What is the tens digit of y?
7
Let q(g) = g**2 + 12*g + 4. Let f be q(-12). Suppose -f*i + 2*i = 48. Let x = i - -44. What is the units digit of x?
0
Let x(c) = -8*c - 24. Suppose 2*s = 5*f + 95, 32 = -f + 2*s + s. What is the tens digit of x(f)?
1
Suppose 189 = 8*w - 451. What is the units digit of w/14*(-126)/(-36)?
0
Let q(x) = 4*x - 29. Let f be q(8). What is the units digit of -46*(-5)/f + 2/6?
7
Suppose m + 5*c - 45 = 0, -7*m - 5*c - 135 = -9*m. Suppose 0 = 5*p - q - 2*q - 15, 2*p - 6